 = 87. Let i = -11 + g. What is the remainder when i is divided by 5?
3
Let r(o) = -3*o + 4*o**3 + 49 - 3*o**3 + 0*o**3 + 33*o**2 - 12*o**2. Calculate the remainder when r(-21) is divided by 10.
2
Suppose 22*h = 11*h + 66. Calculate the remainder when 54 is divided by (-3 - -13)*h/15*5.
14
Suppose -12 + 8 = -2*z. Suppose 3*m - z*r - 44 = 26, -5*r = -5. Let q = -19 + m. What is the remainder when q is divided by 4?
1
Suppose 0 = 2*k - y - 4*y - 49, -5*k + y = -134. Suppose 57 - 219 = -k*r. What is the remainder when r is divided by 5?
1
Suppose -10*m - 1562 - 1639 = -3841. Suppose -2*b = 2*b. Suppose b*i = -5*t - i + 88, -t + 5 = -4*i. Calculate the remainder when m is divided by t.
13
Let w(v) = -v**3 - 40*v**2 - 183*v - 337. Calculate the remainder when w(-38) is divided by 37.
29
Let c(s) = 3*s**2 - 25*s - 207. Let i(n) = -2*n**2 - n + 1. Let w(a) = -c(a) - i(a). What is the remainder when 53 is divided by w(32)?
11
Suppose 51*p - 1561532 = 21*p - 117122. What is the remainder when p is divided by 15?
12
Let v(y) = -y**2 - 59*y - 388. What is the remainder when v(-51) is divided by 6?
2
Let p = 78 - 56. Suppose 0*q - 2*q = r - 37, 4*r - p = -q. Suppose 3*k + 123*v = 121*v + 167, 3*v = 12. Calculate the remainder when k is divided by q.
17
Let y(m) = 4*m + 27. Let u be y(-7). Let j(i) = 45*i**2 - i + 2. Calculate the remainder when 140 is divided by j(u).
44
Let i = -4694 + 4873. Calculate the remainder when 702 is divided by i.
165
Suppose 0 = 2*f + 3*r - 64, -14*r = -2*f - 11*r + 64. Let c = 214 + -114. Suppose -c = -b - 4*b. Calculate the remainder when f is divided by b.
12
Calculate the remainder when 2 - -7732 - 2009/(-287) is divided by 16.
13
Let c(p) = 5*p**2 - 14*p - 12. Let o(g) = 2*g**2 - g + 2. Let r(l) = -c(l) + 2*o(l). What is the remainder when 321 is divided by r(10)?
33
Let x(k) = 9*k**3 + 50*k**2 - 30*k - 3. What is the remainder when x(-4) is divided by 50?
41
Let i(z) = 38*z - 566. Suppose -5*d - 3*b = -76, 2*d - 7*d = -b - 88. What is the remainder when d is divided by i(15)?
1
Suppose 11*h = 16*h - 2*x - 6654, -2*h - 3*x = -2673. Suppose -252 = -36*s + h. What is the remainder when 161 is divided by s?
29
Let d(w) = 46*w + 2343. Calculate the remainder when 4714 is divided by d(-49).
86
Let t be 0 + (5 - 1 - 4). What is the remainder when (2 + t)*27 - (3 - 3) is divided by 19?
16
Let f(p) = p**3 - 11*p**2 - 12*p + 4. Let b be f(12). Suppose 25 = u - 0*u. What is the remainder when (414/(-12))/((-2)/b) is divided by u?
19
Let n(g) = -2*g**3 - 22*g**2 + 40*g + 531. What is the remainder when n(-12) is divided by 88?
75
Let g(p) = -p**3 - 12*p**2 + 8*p - 5. Let o = -12 - 1. Calculate the remainder when g(o) is divided by 13.
8
Let m(y) = -48*y - 224. Let l be m(-13). Suppose l - 1492 = -14*k. Let f(j) = -3*j**3 + 2*j**2 + 4*j + 3. What is the remainder when k is divided by f(-2)?
24
Let r(z) be the third derivative of z**6/15 - z**5/10 + 5*z**4/24 + z**3 + 188*z**2. Calculate the remainder when 69 is divided by r(2).
13
Let a = 3753 - 2126. Let r = -873 + a. Calculate the remainder when r is divided by 63.
61
Calculate the remainder when (5840/(-2))/(4/(-4)) is divided by 209.
203
Let i = 2574 - 1265. Suppose -4*v = 16, -132 = 5*s + 2*v - i. Calculate the remainder when s is divided by 60.
57
Let v = 5 - -6. Let b be 32*(-354)/(-12) + -6. Calculate the remainder when (-1 + 0)/(b/(-133) - -7) is divided by v.
8
Suppose 0 = 5*x - 4*a - 14821, 5*a + 0*a - 14785 = -5*x. What is the remainder when x is divided by 57?
54
Suppose -19*u = -20*u. Suppose 2*q - 2*c - 74 = -5*c, u = -c. What is the remainder when q is divided by 24?
13
Suppose -5*k - 2*n + 224 = 0, 5*n + 28 = -2*k + 105. Let i = 40487 + -40477. What is the remainder when k is divided by i?
6
Let a(f) = 136*f + 3038. Calculate the remainder when a(-19) is divided by 55.
14
Calculate the remainder when 800 is divided by 19 - 12 - 298/6*-3.
20
Suppose -4*j - 6 = -7*j. Let s(o) = 6*o**2 + 2*o. What is the remainder when (-11)/(-6*(-2)/(-60)) is divided by s(j)?
27
Let l = 18795 - 18634. Let q(k) = -7*k - 6. Calculate the remainder when l is divided by q(-9).
47
Let f(q) = q**2 - 8*q + 2. Let n be f(10). Suppose -n + 10 = -6*m. What is the remainder when 27*m/8*8 is divided by 19?
16
Let p = 1 - -24. Suppose 5*u - 6 = -2*k, 39*u = k + 35*u - 3. Suppose k*n - 4*m - 35 = -9*m, -m = 5*n - 51. Calculate the remainder when p is divided by n.
5
Suppose 7*q - 233 + 65 = 0. Suppose -5*j + j = q. What is the remainder when 183 is divided by j/4*(560/(-21) + 2)?
35
Let i = 203 - 137. Calculate the remainder when i is divided by -4*5*(-119)/140.
15
Let n be (2*(-3)/(-6))/((-12)/(-924)). Suppose -4*l - n = 203. Let r = l - -143. What is the remainder when r is divided by 25?
23
Suppose 3*k + 3074 = 5*p, 4*p - k - 2460 = k. What is the remainder when p is divided by 105?
91
Let w(j) = 2*j**2 - 78*j + 81. Let a be w(38). Let y(o) = -o**2 + 5*o + 24. Calculate the remainder when 189 is divided by y(a).
21
Let n = -12839 + 14151. What is the remainder when n is divided by 321?
28
Let m = 272 - 256. Calculate the remainder when ((-4)/m*8)/(2/(-158)) is divided by 16.
14
Let l(s) = 2*s**3 - 3*s + 37. Let b be 44/((-4)/(2 - -2)). Calculate the remainder when l(0) is divided by 8/(-44) - 492/b.
4
Suppose -j - 3*j = -68. Let u = j + -42. Let h = u + 37. Calculate the remainder when h is divided by 8.
4
Let p(h) = -2*h**3 + 3*h**2 - 4. Let t be p(2). What is the remainder when (-2)/(-3) - (-160)/3 is divided by (t/(7 + 25))/(2/(-152))?
16
Let h(f) = 871*f**2 + 13. Calculate the remainder when h(2) is divided by 140.
137
Suppose 105 = 5*p - 4*d, -5*p - 4*d + 110 + 35 = 0. Suppose -3*n + p = -5. Suppose -6*g + 389 = 95. Calculate the remainder when g is divided by n.
9
Let w = -50 + 58. What is the remainder when (-1338)/(-22) + (64/44)/8 is divided by w?
5
Let h(d) = d**3 + 28*d**2 - 40*d - 257. What is the remainder when 1423 is divided by h(-29)?
59
Let y(i) = -i**2 - 18*i - 13. Suppose 33 = 5*x + 13. Let z(r) = -r**3 + 4*r**2 - r + 16. Calculate the remainder when y(-12) is divided by z(x).
11
Let c(g) = -47*g + 168. Let t be c(25). Let y = t - -2025. Calculate the remainder when y is divided by 60.
58
Suppose -4*u = -0*u - 4*o - 40, -43 = -4*u + 5*o. Calculate the remainder when (-869)/(-9) - 4*11/(-99) is divided by u.
6
Suppose -5*z + 674 = -826. Let q = 307 - z. Calculate the remainder when 32 is divided by q.
4
Suppose -186*w + 69*w + 233042 = 101*w. Calculate the remainder when w is divided by 180.
169
Suppose -7874 = 103*p + 4*p - 20821. Calculate the remainder when 457 is divided by p.
94
Let s = 18866 + -18683. What is the remainder when 581 is divided by s?
32
Let g(x) = -x**3 + 7*x**2 + 4*x + 4. Calculate the remainder when 163 is divided by g(6).
35
Let a(n) = 714*n**3 + 4*n**2 - 4*n. What is the remainder when a(1) is divided by 236?
6
Suppose 37*j + 536 = -25*j + 4876. Calculate the remainder when 282 is divided by j.
2
Let f(q) = -q**2 - 18*q - 34. Let j = 60 + -54. Let s(y) = -y**3 + 6*y**2 - 15. Let g be s(j). What is the remainder when 65 is divided by f(g)?
10
Let j = 17390 + -17013. Calculate the remainder when 2650 is divided by j.
11
Suppose 99 = 3*t + 24. Suppose 4*r = -2*b + 544, -r + 13*b = 8*b - 147. Suppose 65 - r = -q. Calculate the remainder when q is divided by t.
22
Let a(s) = -s**3 - 2*s**2 + 291*s - 18. What is the remainder when 2360 is divided by a(16)?
20
Let n = -728 + 829. Suppose 3*f + 2*o = 5*o + 171, 3*o = -3*f + 141. What is the remainder when n is divided by f?
49
Let f be (200/75)/(4/6). Suppose 50 = f*y - 30. Calculate the remainder when 152 is divided by y.
12
Suppose -5*c = 4*m - c, -c = -3*m + 16. Calculate the remainder when 67*(5 + m/(-1)) is divided by 4.
3
Suppose 1711*s - 1724*s = -91. Calculate the remainder when 8 is divided by s.
1
Let h(w) = 21 + w + w + 0*w - 3*w. Let r = 446 + -440. Calculate the remainder when 101 is divided by h(r).
11
What is the remainder when 1466 is divided by 4/((-240)/36) - (-353)/5?
66
Let g(j) = 6*j**2 + 10*j - 21. Suppose 0 = -r + 6*r + 25. Calculate the remainder when g(r) is divided by 41.
38
Let t(u) = u**3 - u + 9. Let h = 1180 - 1137. What is the remainder when h is divided by t(0)?
7
Let z(i) = 